 is the greatest common divisor of 11 and a?
11
Let b = -41 + 57. Let n = 14 + -6. Calculate the highest common factor of n and b.
8
Let r be (-10)/(-8) - (-1)/(-4). Suppose -3*p = -i - 10 - r, 31 = 4*i + 3*p. What is the highest common divisor of 32 and i?
4
Let k be 2/4*12/2. Suppose -4 = -k*p + 8. Calculate the greatest common factor of 4 and p.
4
Let q(p) = 2*p**2 + 4*p + 3. Let c be q(6). Let f = -59 + c. What is the greatest common divisor of f and 16?
8
Suppose -2*v + 3 = v. Let g(u) = -28*u. Let c be g(1). Let j = -17 - c. Calculate the greatest common factor of v and j.
1
Let w(n) = n - 2. Let l be w(2). Let m be l/(-1) + 0 + 4. Suppose -2*p - 3*d = 2*d - 41, 37 = 4*p + d. What is the highest common divisor of m and p?
4
Let m be -1*2/4*-20. Calculate the greatest common divisor of 15 and m.
5
Let x(p) = 2*p**2 - p - 13. Let o be x(-4). What is the greatest common factor of 23 and o?
23
Let h(p) = p**2 - 6*p + 7. Let q be h(6). Calculate the highest common divisor of q and 7.
7
Suppose 2*a = r + 18, -4*a + 4*r + 12 + 16 = 0. Suppose 2*x = -4*l + 350, 4*l - 3*x = -0*x + 355. What is the highest common factor of a and l?
11
Let s be (-18)/(-8)*(-14 + 6). Let c be (-4)/s - (-68)/18. Let v(r) = r**2 - 4*r. Let b be v(-4). What is the highest common divisor of c and b?
4
Suppose q - 356 = 4*s + 2*q, -5*s - 445 = 3*q. Let r = 139 + s. Let g be 17 - 2*((-7)/2 - -2). Calculate the greatest common divisor of r and g.
10
Let j = -2 + -13. Let w = -3 - j. Suppose 0*y - 660 = -5*y. What is the highest common factor of w and y?
12
Let f(z) = 31*z**2. Let s be f(-1). Let r = -8 + s. What is the highest common divisor of r and 46?
23
Let h = 5 - 3. Let z be -2 + 4 + h + -1. Suppose -39 = -z*v + 36. What is the greatest common factor of v and 5?
5
Suppose 0 = -a - 4*o, -2*o = 5*a + 2*o. Let u be ((-20)/2)/(1/(-3)). Suppose 2*y + y - u = a. What is the greatest common factor of 40 and y?
10
Let t = 122 - 77. What is the greatest common divisor of t and 120?
15
Let m be ((-1)/(-2))/((-1)/(-72)). Suppose -p = -3*p + 36. What is the highest common divisor of p and m?
18
Let m = 42 + -38. Calculate the highest common factor of 44 and m.
4
Suppose -5*c = -i + 156, 0 = 3*i - c - c - 416. What is the greatest common factor of i and 17?
17
Let n(y) = 8*y**2 + y - 9. Let f be n(-3). What is the highest common factor of 24 and f?
12
Let l be (1 + -1 + 2)*8. Let i(v) = -v**2 - 12*v + 2. Let k be i(-12). Suppose k*z - 96 = -2*z. Calculate the greatest common factor of z and l.
8
Suppose 14 = -0*w + 2*w. Suppose 17*u - 2 = 15*u. What is the highest common factor of u and w?
1
Let a be (-2522)/(-91) + 2/7. Calculate the highest common factor of a and 84.
28
Let i be 18/(-5)*(-170)/51. Suppose -9 = -13*p + i*p. What is the highest common divisor of p and 36?
9
Suppose 2*y - 7 = -1. Let j = 2 + y. Let n(v) = 19*v + 1. Let t be n(j). What is the highest common factor of t and 12?
12
Suppose 422 = 4*x - 3*f + 70, 0 = -3*x - 2*f + 247. What is the greatest common divisor of 34 and x?
17
Suppose -u + 2*u = 25. Calculate the greatest common divisor of u and 25.
25
Let o(m) = 0 - 1 + 2*m + 2*m. Let s be o(-2). Let f be ((-12)/s)/(-4)*-21. Calculate the highest common divisor of f and 7.
7
Suppose -5*b = -2*b - 123. Let d = 73 - b. Suppose 3*a + a - d = 0. Calculate the highest common factor of a and 24.
8
Let q = 1 - 3. Let l be 0 - (9 + -1)/q. Suppose m - 2*m + l = 0. Calculate the highest common divisor of m and 1.
1
Let t(m) = 3*m**2 - 7*m + 4. Let y be t(3). Calculate the highest common factor of 190 and y.
10
Let g be (-3)/(-6) + (-12356)/(-8). Let z be g/60 + (-6)/8. What is the greatest common divisor of 150 and z?
25
Let t = 44 + 52. Suppose 3*z + 5*b = -z + 28, z - b - 16 = 0. What is the greatest common factor of t and z?
12
Let i = -17 + 29. Suppose -w = 13 - 1. Let j be w/4 - (-2 + -31). Calculate the greatest common factor of j and i.
6
Let f be (8/(-3))/((-12)/108). Suppose 2*m - 3*a + 738 = 0, 2*m + a + 746 = 2*a. Let j = m + 543. What is the greatest common factor of f and j?
24
Suppose 29 = -4*r + 165. Let o = -150 + 235. Calculate the greatest common factor of o and r.
17
Let c = -25 + 48. Calculate the greatest common factor of 46 and c.
23
Suppose -4*v + 0*d = -2*d - 104, v + 3*d = 33. What is the highest common factor of v and 18?
9
Let q = 8 - 6. Suppose -3*l = -4*a - 10614, -l + a = -q*l + 3531. Let p be (-6)/21 + l/21. What is the highest common divisor of p and 24?
24
Suppose 5*c = 4*g + 12, g - c = -0 - 2. Suppose 4*o = -12, 3*o = g*k + 2*k - 129. Calculate the highest common factor of 12 and k.
6
Suppose -19 = 4*j - 0*z + 5*z, 0 = 3*j - z. Let c be j/2*13*-2. What is the highest common divisor of 143 and c?
13
Suppose -50 = -5*h + 3*b - 2*b, -5*h = 3*b - 50. Let i be ((-10)/(-3))/(1/12). What is the greatest common divisor of i and h?
10
Let u be (-4)/(-2)*-1 - -7. Suppose 3*t - 74 = o, -23 = -t + 5*o - 3. What is the greatest common divisor of u and t?
5
Suppose -2*i + f = 2*i + 88, -f + 109 = -5*i. Suppose -2*o + 67 = 3*a, -3*o + 3*a - a + 133 = 0. Let c = o + i. What is the greatest common factor of 50 and c?
10
Let b(u) = -u**2 + 7*u - 6. Let j be b(5). Let a be ((-1)/2)/(j/(-88)). Let l = 241 + -142. Calculate the highest common divisor of a and l.
11
Let s = -6 + 14. Let z be (s/(-6))/((-2)/3). Calculate the greatest common divisor of 2 and z.
2
Let a(q) = -q**3 + 10*q**2 + 12*q - 13. Let p be a(11). Let m(s) = -4*s + 2. Let h be m(p). Calculate the greatest common divisor of h and 50.
10
Suppose -2 = 2*i + 4. Let t(x) = -3*x**3 - 3*x**2 + 1. Let v be t(i). What is the greatest common factor of v and 5?
5
Let x = -3 + 9. Let m be 0*(-4 - 14/(-4)). Suppose -p - 5 + m = 0, 4*i = p + 65. Calculate the highest common factor of x and i.
3
Let j = -19 + 5. Let c be 4/(24/j - -2). Suppose 5*u - 4*b = -b + 181, 5*u - 4*b - 183 = 0. Calculate the highest common divisor of c and u.
7
Suppose -4*p + 28 = -3*m - 205, 0 = 2*p - 3*m - 121. Calculate the highest common divisor of p and 7.
7
Let l = 6 - 4. Let w be 2/4*0/1. Suppose a - 4 = w, 29 = l*b + b + 5*a. Calculate the highest common factor of b and 2.
1
Let r be 1/2 - 923/(-26). Calculate the greatest common divisor of 9 and r.
9
Suppose q + 4*q - 2*t = -5, 5*q + 3*t - 20 = 0. Let b(i) = 35*i**3 - i. Let j be b(q). Suppose g = -3*g + 68. Calculate the greatest common divisor of j and g.
17
Let u = -8 - -10. What is the greatest common divisor of u and 4?
2
Suppose -80 = 37*y - 38*y. Calculate the highest common divisor of y and 10.
10
Let z be (28/(-10) + 2)*-5. Let f be (-159)/(-12) - (-1)/(-4). Suppose z = -n + f. Calculate the greatest common factor of 1 and n.
1
Suppose 0 = -5*a + 3*y + 8, 3*a = y + 5 - 1. Let n(d) = 6*d - 7. Let t be n(2). What is the greatest common divisor of a and t?
1
Suppose -i + 22 = 5*s, -3*i - 10 - 4 = -s. Calculate the highest common divisor of 55 and s.
5
Let w be -85*(-2 - 32/(-20)). Suppose -3*k = -2*s - w, 3*k - 7 - 34 = -5*s. Calculate the highest common factor of k and 8.
4
Let x be (-11)/(-11) - 1*-3. Let a(f) = -3*f + 3. Let d be a(-3). What is the highest common divisor of d and x?
4
Let x(i) = i**3 + 7*i**2 - 5*i + 19. Let j be x(-6). Calculate the highest common divisor of 51 and j.
17
Let n = 0 - -42. Let w(q) = q**2 - 3*q + 7. Let r be w(7). Let p be ((-63)/r)/(3/(-10)). What is the greatest common divisor of p and n?
6
Let o(m) = -m + 4. Let p be o(-17). What is the greatest common divisor of p and 3?
3
Suppose 3*l + 0*j + 5*j = 8, 3*l - 4 = -j. Calculate the highest common divisor of 8 and l.
1
Suppose -6*f - 96 + 336 = 0. Calculate the highest common divisor of f and 10.
10
Let r(s) = -s**3 - 7*s**2 - 7*s + 1. Let j be (1 - -6)/(0 + -1). Let a be r(j). What is the highest common factor of 75 and a?
25
Let g = 20 + 4. What is the highest common factor of 60 and g?
12
Suppose 323 = 5*b - 302. Suppose 4*u = -u + b. Suppose -h + 1 = -4. Calculate the highest common divisor of h and u.
5
Let x = -2 - -3. Suppose -13 = -15*a + 92. Calculate the highest common divisor of x and a.
1
Suppose 4*w + 3*b - 117 = 0, 8*b = -5*w + 6*b + 148. Let f = -1 + 16. Calculate the highest common factor of w and f.
15
Let w(o) = 2*o**2 - o + 2. Let v be w(9). Calculate th